{"id":111,"date":"2022-09-19T20:26:01","date_gmt":"2022-09-19T20:26:01","guid":{"rendered":"http:\/\/www.rocak.cz\/?page_id=111"},"modified":"2022-09-20T11:12:05","modified_gmt":"2022-09-20T11:12:05","slug":"kontakt","status":"publish","type":"page","link":"https:\/\/www.rocak.cz\/index.php\/kontakt\/","title":{"rendered":"Kontakt"},"content":{"rendered":"\n<p class=\"has-light-gray-color has-text-color has-medium-font-size\">Mgr. Ji\u0159\u00ed Ro\u010d\u00e1k<\/p>\n\n\n\n<p class=\"has-light-gray-color has-text-color has-normal-font-size\">Pod H\u00e1jem 668<\/p>\n\n\n\n<p class=\"has-light-gray-color has-text-color has-normal-font-size\">Vala\u0161sk\u00e9 Klobouky<\/p>\n\n\n\n<figure class=\"wp-block-gallery aligncenter has-nested-images columns-default is-cropped wp-block-gallery-1 is-layout-flex\">\n<figure class=\"wp-block-image is-style-default\"><img decoding=\"async\" loading=\"lazy\" width=\"500\" height=\"343\" data-id=\"405\"  src=\"http:\/\/www.rocak.cz\/wp-content\/uploads\/2019\/08\/KLOBOUKY2.jpg\" alt=\"\" class=\"wp-image-405\" srcset=\"https:\/\/www.rocak.cz\/wp-content\/uploads\/2019\/08\/KLOBOUKY2.jpg 500w, https:\/\/www.rocak.cz\/wp-content\/uploads\/2019\/08\/KLOBOUKY2-300x206.jpg 300w\" sizes=\"(max-width: 500px) 100vw, 500px\" \/><\/figure>\n<\/figure>\n\n\n\n<div class=\"wp-block-group is-nowrap is-layout-flex wp-container-3\"><\/div>\n\n\n\n<p class=\"has-light-gray-color has-text-color has-medium-font-size\">Tel.: +420 736 166 615<\/p>\n\n\n\n<p class=\"has-light-gray-color has-text-color has-medium-font-size\">jirirocak@centrum.cz<\/p>\n\n\n\n<p class=\"has-light-gray-color has-text-color has-medium-font-size\">www.rocak.cz<\/p>\n\n\n\n<p class=\"has-white-color has-text-color\"><a href=\"https:\/\/www.google.cz\/maps\/@49.1398552,18.0090031,1856m\/data=!3m1!1e3\">https:\/\/www.google.cz\/maps\/@49.1398552,18.0090031,1856m\/data=!3m1!1e3<\/a><\/p>\n\n\n\n<figure class=\"wp-block-gallery has-nested-images columns-default is-cropped wp-block-gallery-4 is-layout-flex\">\n<figure class=\"wp-block-image\"><img decoding=\"async\" loading=\"lazy\" width=\"1024\" height=\"833\" data-id=\"412\"  src=\"http:\/\/www.rocak.cz\/wp-content\/uploads\/2019\/08\/KLOBOUKY3-1024x833.jpg\" alt=\"\" class=\"wp-image-412\" srcset=\"https:\/\/www.rocak.cz\/wp-content\/uploads\/2019\/08\/KLOBOUKY3-1024x833.jpg 1024w, https:\/\/www.rocak.cz\/wp-content\/uploads\/2019\/08\/KLOBOUKY3-300x244.jpg 300w, https:\/\/www.rocak.cz\/wp-content\/uploads\/2019\/08\/KLOBOUKY3-768x625.jpg 768w, https:\/\/www.rocak.cz\/wp-content\/uploads\/2019\/08\/KLOBOUKY3.jpg 1491w\" sizes=\"(max-width: 1024px) 100vw, 1024px\" \/><\/figure>\n<\/figure>\n\n\n\n<p><\/p>\n","protected":false},"excerpt":{"rendered":"<p>Mgr. Ji\u0159\u00ed Ro\u010d\u00e1k Pod H\u00e1jem 668 Vala\u0161sk\u00e9 Klobouky Tel.: +420<span class=\"more-button\"><a href=\"https:\/\/www.rocak.cz\/index.php\/kontakt\/\" class=\"more-link\">Continue reading<span class=\"screen-reader-text\">Kontakt<\/span><\/a><\/span><\/p>\n","protected":false},"author":1,"featured_media":0,"parent":0,"menu_order":0,"comment_status":"closed","ping_status":"closed","template":"","meta":[],"_links":{"self":[{"href":"https:\/\/www.rocak.cz\/index.php\/wp-json\/wp\/v2\/pages\/111"}],"collection":[{"href":"https:\/\/www.rocak.cz\/index.php\/wp-json\/wp\/v2\/pages"}],"about":[{"href":"https:\/\/www.rocak.cz\/index.php\/wp-json\/wp\/v2\/types\/page"}],"author":[{"embeddable":true,"href":"https:\/\/www.rocak.cz\/index.php\/wp-json\/wp\/v2\/users\/1"}],"replies":[{"embeddable":true,"href":"https:\/\/www.rocak.cz\/index.php\/wp-json\/wp\/v2\/comments?post=111"}],"version-history":[{"count":28,"href":"https:\/\/www.rocak.cz\/index.php\/wp-json\/wp\/v2\/pages\/111\/revisions"}],"predecessor-version":[{"id":662,"href":"https:\/\/www.rocak.cz\/index.php\/wp-json\/wp\/v2\/pages\/111\/revisions\/662"}],"wp:attachment":[{"href":"https:\/\/www.rocak.cz\/index.php\/wp-json\/wp\/v2\/media?parent=111"}],"curies":[{"name":"wp","href":"https:\/\/api.w.org\/{rel}","templated":true}]}}